4?
33
What is the remainder when 329 is divided by 81?
5
Calculate the remainder when 465 is divided by 162.
141
What is the remainder when 137 is divided by 105?
32
Calculate the remainder when 52 is divided by 7.
3
What is the remainder when 2770 is divided by 66?
64
Calculate the remainder when 238 is divided by 15.
13
Calculate the remainder when 149 is divided by 46.
11
Calculate the remainder when 187 is divided by 32.
27
Calculate the remainder when 1104 is divided by 27.
24
Calculate the remainder when 3302 is divided by 14.
12
What is the remainder when 250 is divided by 22?
8
What is the remainder when 17196 is divided by 117?
114
Calculate the remainder when 284 is divided by 58.
52
What is the remainder when 59 is divided by 12?
11
Calculate the remainder when 2097 is divided by 68.
57
Calculate the remainder when 1489 is divided by 186.
1
What is the remainder when 1832 is divided by 19?
8
What is the remainder when 10661 is divided by 820?
1
What is the remainder when 449 is divided by 23?
12
Calculate the remainder when 5213 is divided by 93.
5
Calculate the remainder when 1533 is divided by 64.
61
Calculate the remainder when 253 is divided by 250.
3
What is the remainder when 522 is divided by 112?
74
What is the remainder when 6187 is divided by 9?
4
Calculate the remainder when 1444 is divided by 310.
204
Calculate the remainder when 2686 is divided by 53.
36
Calculate the remainder when 171 is divided by 33.
6
What is the remainder when 744 is divided by 16?
8
What is the remainder when 209 is divided by 47?
21
What is the remainder when 253 is divided by 47?
18
Calculate the remainder when 745 is divided by 250.
245
What is the remainder when 12 is divided by 8?
4
Calculate the remainder when 114 is divided by 48.
18
Calculate the remainder when 415 is divided by 70.
65
What is the remainder when 57 is divided by 51?
6
What is the remainder when 15051 is divided by 6?
3
What is the remainder when 861 is divided by 213?
9
What is the remainder when 102 is divided by 69?
33
What is the remainder when 125 is divided by 84?
41
Calculate the remainder when 572 is divided by 48.
44
Calculate the remainder when 55 is divided by 26.
3
Calculate the remainder when 32883 is divided by 18.
15
Calculate the remainder when 1113 is divided by 361.
30
Calculate the remainder when 822 is divided by 404.
14
Calculate the remainder when 75 is divided by 44.
31
Calculate the remainder when 3940 is divided by 1311.
7
Calculate the remainder when 1139 is divided by 15.
14
What is the remainder when 5605 is divided by 8?
5
What is the remainder when 945 is divided by 86?
85
What is the remainder when 239 is divided by 24?
23
Calculate the remainder when 55 is divided by 5.
0
Calculate the remainder when 307 is divided by 22.
21
Calculate the remainder when 1082 is divided by 7.
4
What is the remainder when 1093 is divided by 79?
66
Calculate the remainder when 888 is divided by 4.
0
Calculate the remainder when 127 is divided by 17.
8
Calculate the remainder when 801 is divided by 26.
21
Calculate the remainder when 5049 is divided by 840.
9
What is the remainder when 29466 is divided by 139?
137
What is the remainder when 2768 is divided by 232?
216
What is the remainder when 133 is divided by 9?
7
What is the remainder when 167 is divided by 5?
2
Calculate the remainder when 2361 is divided by 84.
9
Calculate the remainder when 381 is divided by 357.
24
What is the remainder when 217 is divided by 73?
71
What is the remainder when 354 is divided by 94?
72
What is the remainder when 2748 is divided by 153?
147
Calculate the remainder when 15829 is divided by 377.
372
Calculate the remainder when 449 is divided by 113.
110
What is the remainder when 141 is divided by 29?
25
What is the remainder when 6134 is divided by 99?
95
What is the remainder when 431 is divided by 48?
47
Calculate the remainder when 83 is divided by 16.
3
What is the remainder when 5 is divided by 3?
2
Calculate the remainder when 2843 is divided by 219.
215
Calculate the remainder when 131 is divided by 78.
53
What is the remainder when 2314 is divided by 10?
4
Calculate the remainder when 182 is divided by 62.
58
Calculate the remainder when 356 is divided by 121.
114
Calculate the remainder when 1708 is divided by 337.
23
Calculate the remainder when 266 is divided by 30.
26
What is the remainder when 1218 is divided by 400?
18
What is the remainder when 5 is divided by 5?
0
What is the remainder when 463 is divided by 33?
1
What is the remainder when 543 is divided by 21?
18
What is the remainder when 68 is divided by 18?
14
What is the remainder when 23390 is divided by 16?
14
Calculate the remainder when 1340 is divided by 92.
52
Calculate the remainder when 2007 is divided by 100.
7
What is the remainder when 84 is divided by 45?
39
Calculate the remainder when 56 is divided by 42.
14
What is the remainder when 930 is divided by 19?
18
What is the remainder when 3766 is divided by 4?
2
What is the remainder when 205 is divided by 23?
21
Calculate the remainder when 157 is divided by 27.
22
What is the remainder when 678 is divided by 99?
84
What is the remainder when 326 is divided by 8?
6
Calculate the remainder when 434 is divided by 19.
16
What is the remainder when 2805 is divided by 108?
105
Calculate the remainder when 179 is divided by 59.
2
What is the remainder when 443 is divided by 74?
73
What is the remainder when 53 is divided by 7?
4
What is the remainder when 6263 is divided by 6?
5
What is the remainder when 81 is divided by 31?
19
Calculate the remainder when 341 is divided by 110.
11
What is the remainder when 6749 is divided by 15?
14
Calculate the remainder when 98 is divided by 9.
8
What is the remainder when 276 is divided by 111?
54
Calculate the remainder when 81 is divided by 54.
27
Calculate the remainder when 1028 is divided by 10.
8
What is the remainder when 2954 is divided by 373?
343
What is the remainder when 7190 is divided by 58?
56
What is the remainder when 2699 is divided by 76?
39
Calculate the remainder when 940 is divided by 29.
12
Calculate the remainder when 1702 is divided by 13.
12
What is the remainder when 339 is divided by 20?
19
What is the remainder when 624 is divided by 617?
7
Calculate the remainder when 627 is divided by 207.
6
What is the remainder when 343 is divided by 84?
7
What is the remainder when 43 is divided by 2?
1
What is the remainder when 575 is divided by 72?
71
Calculate the remainder when 269 is divided by 51.
14
Calculate the remainder when 75 is divided by 42.
33
What is the remainder when 482 is divided by 44?
42
Calculate the remainder when 132 is divided by 26.
2
Calculate the remainder when 42 is divided by 14.
0
What is the remainder when 170 is divided by 89?
81
What is the remainder when 466 is divided by 157?
152
Calculate the remainder when 1751 is divided by 65.
61
What is the remainder when 1381 is divided by 122?
39
What is the remainder when 71 is divided by 22?
5
What is the remainder when 2328 is divided by 7?
4
What is the remainder when 959 is divided by 30?
29
Calculate the remainder when 153 is divided by 11.
10
Calculate the remainder when 90 is divided by 70.
20
What is the remainder when 38350 is divided by 94?
92
Calculate the remainder when 524 is divided by 17.
14
What is the remainder when 90 is divided by 72?
18
What is the remainder when 95 is divided by 25?
20
Calculate the remainder when 1128 is divided by 162.
156
What is the remainder when 2065 is divided by 1013?
39
What is the remainder when 152 is divided by 14?
12
Calculate the remainder when 295 is divided by 27.
25
Calculate the remainder when 276 is divided by 115.
46
What is the remainder when 204 is divided by 27?
15
Calculate the remainder when 106 is divided by 32.
10
Calculate the remainder when 281 is divided by 11.
6
What is the remainder when 581 is divided by 216?
149
Calculate the remainder when 959 is divided by 32.
31
What is the remainder when 297 is divided by 77?
66
What is the remainder when 2322 is divided by 25?
22
What is the remainder when 1900 is divided by 112?
108
What is the remainder when 27507 is divided by 23?
22
What is the remainder when 1246 is divided by 618?
10
Calculat